j + 1220, -5*j = -5*z + 1520. Let a = z - 221. List the prime factors of a.
79
Suppose -19*i = -38*i + 108205. List the prime factors of i.
5, 17, 67
Let b(m) be the first derivative of -11*m**2 - 122*m + 70. What are the prime factors of b(-11)?
2, 3, 5
Suppose p + 2370 = -5*p. Let w = -232 - p. List the prime factors of w.
163
Suppose -11*s + 10*s + 10 = 3*p, -3*p = 0. Let r(q) = -q**3 + 14*q**2 - q - 34. What are the prime factors of r(s)?
2, 89
Suppose 8*i + 32 = 16*i. Suppose 4*r + 2624 = 6*d - d, 0 = -2*d + i*r + 1040. What are the prime factors of d?
2, 3, 11
Let t(s) = 434*s**2 - 3*s - 5. Let r be t(-1). Let x = r - -407. What are the prime factors of x?
839
Let k = -57 - -101. Suppose 0 = 43*u - 41*u + 160. Let n = k - u. List the prime factors of n.
2, 31
Let f = 5353 + -2988. List the prime factors of f.
5, 11, 43
Let u = -376 - -942. Let k = 1198 - u. What are the prime factors of k?
2, 79
Suppose -4*w = -46 - 66. Let a = 29 - w. List the prime factors of (a - 21/(-6))*20/15.
2, 3
Let t be 2/(-1 - (-19)/17) - 1. Suppose -2*s + 3*h = -5*s + 24, 5*h = 3*s + t. Suppose -s*y + 113 = -58. List the prime factors of y.
3, 19
Suppose m - 4*m - 2*x + 4 = 0, 0 = -2*m - 2*x. Let y(a) = -a - a**2 - m*a**2 + 25*a**2 + 4*a. List the prime factors of y(2).
2, 43
What are the prime factors of (-15094)/(-4) - (161/46 + -2)?
2, 23, 41
Suppose 21968 = c + 2*p, -970*c = -972*c - 2*p + 43932. List the prime factors of c.
2, 17, 19
Let c(q) = 5*q**2 - 202*q - 622. What are the prime factors of c(77)?
13469
Suppose 6*o - 33390 - 7578 = 0. What are the prime factors of o?
2, 3, 569
Let l be -9*((-65)/(-15) - 1). Suppose -u - 137 = 3*s + 15, u - 4*s = -117. Let y = l - u. What are the prime factors of y?
107
Let q(y) = 41*y - 4782. What are the prime factors of q(147)?
3, 5, 83
What are the prime factors of (27/15)/(4/31660)?
3, 1583
Suppose 181*z + 115*z = -301*z + 49901439. List the prime factors of z.
7, 11941
Let q = 26 + -23. Suppose -3*p = -q - 6. Suppose -m + 17 = a, -2*a - p = -5*a. List the prime factors of m.
2
Let x(j) = -24*j**3 + 79*j**2 - 31*j + 16. List the prime factors of x(-11).
2, 5, 7, 13, 23
Let i(v) be the first derivative of -v**3/3 - 8*v**2 - 10*v - 13. Let l be i(-15). Suppose u - l*u = -112. List the prime factors of u.
2, 7
Suppose 3*f + 14 - 44 = 0. Let i be (-20)/(-6) - f/(-15). Suppose i*p + 128 = 456. What are the prime factors of p?
2, 41
Let s be (-23)/(-5) + (-1)/((-40)/16). Suppose s*v + 992 = -11*v. Let l = v + 120. List the prime factors of l.
2, 29
Suppose -5*y + 3*d - 380 = 0, 0*d + 15 = 3*d. Let v = y + 28. What are the prime factors of v/30 + 27/2?
2, 3
Let f(i) = -11*i - 13 + 40*i - 7*i + 11*i**2. What are the prime factors of f(-7)?
2, 3, 31
Let x(h) = 1 - 6*h**2 - 23*h**3 + 11*h**3 + 13*h**3 + 3*h. Let n be x(5). What are the prime factors of (206/4 - 0) + n/(-18)?
2, 13
Suppose 12*t - 13*t = -30. List the prime factors of (3996/t)/((-1)/(-5)).
2, 3, 37
Let z(i) = -48*i - 4. Let a(s) = 182*s + 17. Let c(p) = 4*a(p) + 15*z(p). Suppose 5*y - 2*j - 100 = 2*j, 73 = 3*y - 5*j. List the prime factors of c(y).
2, 17
Let v(o) = 0*o**2 + o**3 + 74*o - o**2 - 62*o + 0*o**2 + 14. List the prime factors of v(6).
2, 7, 19
Let b = 6755 - 2007. What are the prime factors of b?
2, 1187
Suppose -70 = 5*q - q + 2*j, -3*q = -2*j + 49. List the prime factors of 205 + 6 + q + 4.
2, 3, 11
Let g(n) be the third derivative of -n**6/120 - 2*n**5/15 - 13*n**4/24 - n**3/3 + 27*n**2. Let d(h) = -h + 4. Let i be d(12). List the prime factors of g(i).
2, 3, 17
Let u be (-58)/6 - 10/(-15). Let b(s) = s**2 - 8*s - 9. Let v be b(u). Let m = v - 39. What are the prime factors of m?
3, 5, 7
Let g(p) = -555*p**3 + 5*p**2 + 2*p + 4. Let n(i) = 556*i**3 - 3*i**2 - i - 3. Let z(d) = -3*g(d) - 4*n(d). What are the prime factors of z(-1)?
2, 3, 31
List the prime factors of 181*((41 - 35) + 4*-1).
2, 181
Let i(b) = 256*b + 837. Let j be i(-4). Let w be (-5420)/(-15) - 1/3. Let z = w + j. List the prime factors of z.
2, 3, 29
Let a(d) = d**2. Let h(o) = -o**2 + 7*o - 8. Suppose 8 = 3*w - 3*p + 8*p, -7 = -5*w - 2*p. Let b(i) = w*h(i) + 3*a(i). List the prime factors of b(-6).
2, 11
Let t = -34 + 28. List the prime factors of -5 + (t/(-9) - 802/(-3)).
263
Let v = -8749 - -14952. What are the prime factors of v?
6203
Let z(y) = 2*y - 24. Let n be z(12). Suppose n = 5*k + l - 3601, 1840 = 5*k - 2*l - 1773. What are the prime factors of k?
7, 103
Let d = -722 - -727. Suppose -17*h = -22*h + d*r + 6440, -h - 4*r + 1303 = 0. What are the prime factors of h?
1291
Suppose 162*r = 118*r + 20636. What are the prime factors of r?
7, 67
Let f(a) = 24160*a**3 + 3*a**2 - 41*a + 40. List the prime factors of f(1).
2, 3, 4027
Let y(g) = -8*g + 2*g - 62*g - 115. List the prime factors of y(-5).
3, 5
Let t(l) = 89*l**3 + 2*l**2 + l + 2. Let p be t(2). Suppose k - p = -3*x, -2*x + k - 5*k + 486 = 0. Let m = x - 67. List the prime factors of m.
2, 3, 29
Suppose 8*z = -0*z. Suppose -14*h + 23 + 33 = z. Suppose 0 = -5*a + 2*i - h*i + 532, -a + 120 = -3*i. What are the prime factors of a?
2, 3
Suppose -3*t + 32 = 4*h + 12, 0 = 3*h - 6. Suppose 0*u = t*u - 16. Suppose 0*a - 3*a = -r - 337, 0 = u*r - 20. List the prime factors of a.
2, 3, 19
Let i = -152 + 152. Suppose i = 2*f - 284 - 68. What are the prime factors of f?
2, 11
Let y(n) = 17*n**2 - 17*n + 107. Let j be y(6). Suppose 5*r = 4*h + 3015, 4*h - 2*h - j = -r. List the prime factors of r.
607
Let j(c) = 42*c - 12. Let x be j(3). Suppose 56 = -a - x. Let q = 307 + a. What are the prime factors of q?
137
Suppose -45 = -5*y, 9*y - 214425 = -5*x + 14*y. List the prime factors of x.
2, 3, 2383
Suppose -5*y + 753 = -3*y + r, -3*r + 751 = 2*y. Suppose y + 469 = 5*u - 4*j, -3*u + 2*j + 508 = 0. List the prime factors of u.
2, 5, 17
Let f(b) = 3329*b**2 + 3*b + 8. What are the prime factors of f(3)?
2, 13, 1153
Let h be (-3 - 5/(-5)) + 14. Suppose -k + 465 = -4*j, 3*k = 11*j - h*j + 1447. What are the prime factors of k?
13, 37
Let t be (-1 - 5) + 1 + 11. Suppose 0 = t*g - g - 3725. What are the prime factors of g?
5, 149
Let n(s) be the second derivative of -5*s**3/6 - 6*s**2 + s. Let f be n(-5). Suppose 3*v - 3*t - 81 = 0, -f = -4*t - 1. What are the prime factors of v?
2, 3, 5
Let d = -118 + 144. Suppose -27*v + d*v = -65. List the prime factors of v.
5, 13
Let k = 33354 + -28371. List the prime factors of k.
3, 11, 151
Suppose 38*t - 713902 = 182632. What are the prime factors of t?
23593
What are the prime factors of (1241694/3030)/((-1)/(-85))?
3, 17, 683
Let z = -68 + 80. Suppose -z*a = -17*a + 20. Suppose i - 6*i = a*g - 767, 4*g = -2*i + 314. What are the prime factors of i?
151
Let v = 10709 + 31034. What are the prime factors of v?
13, 19
Let s = -642 + 6319. List the prime factors of s.
7, 811
Let a be 12/11*2 + (-18)/99. Let q(k) = -k**3 - 2*k**2 + k + 2. Let g be q(-2). Suppose g = -a*c + 5*c - 330. List the prime factors of c.
2, 5, 11
Suppose -2262*q + 2264*q = -2*m + 107342, 3*m - q = 161025. What are the prime factors of m?
2, 47, 571
Let g(y) = 315*y - 2056. What are the prime factors of g(32)?
2, 17, 59
Let l be (-14)/(-6) + -2 - (-66)/18. Suppose l + 12 = 8*u. Suppose -2*s - 4*g = -16, -6*g = 3*s - u*g - 26. List the prime factors of s.
2, 5
Suppose 24*w - 169065 = -9*w + 63288. List the prime factors of w.
3, 2347
Let s = -61 + 74. Suppose -4*u - 2052 = -s*u. List the prime factors of u.
2, 3, 19
Let o(q) = -15898*q + 15877*q + q**2 + 39 + 13. What are the prime factors of o(-18)?
2, 13, 29
Let u(b) = 45*b**2 - 19*b + 11. List the prime factors of u(-11).
5, 11, 103
Let b(o) = 2*o**2 + 6*o - 2. Let f be b(-4). What are the prime factors of 70*(90/27)/(4/f)?
2, 5, 7
Let u(s) = 13*s**3 + 2*s**2 + s - 5. Let i be u(-2). Let j = 114 + i. What are the prime factors of j?
11
Suppose 5*a - 1835 = -5*z, -5 = 4*a - 17. Suppose 631 = 5*x - z. Let y = x + -109. List the prime factors of y.
2, 3, 5
Let s = 97 - 92. Let b(o) = 2*o**2 - 18*o**3 + 2 + 4 + 19*o**3 - 9*o. List the prime factors of b(s).
2, 17
Suppose 8*v - 24 = -0*v. Suppose -v*g + 161 = -259. What are the prime factors of g?
2, 5, 7
Let r(k) = 11*k**2 + 171*k + 2435. What are the prime factors of r(-54)?
7, 23, 157
Let t = 16 - 14. Let v(b) = b - 2. Let